{"id":2465,"date":"2010-01-08T00:32:26","date_gmt":"2010-01-08T02:32:26","guid":{"rendered":"http:\/\/www.advanceconsultoria.com\/?page_id=2465"},"modified":"2014-03-18T09:22:36","modified_gmt":"2014-03-18T11:22:36","slug":"fale-conosco","status":"publish","type":"page","link":"http:\/\/www.advanceconsultoria.com\/?page_id=2465","title":{"rendered":"Fale Conosco"},"content":{"rendered":"<p style=\"text-align: left;\"><span style=\"color: #000000;\"><strong><!--more--><\/strong><\/span><\/p>\n<p style=\"text-align: left;\"><span style=\"color: #ffffff;\">.<\/span><\/p>\n<p style=\"text-align: left;\"><span style=\"color: #ffffff;\">.<\/span><\/p>\n<p style=\"text-align: left;\">\n<div id=\"_mcePaste\" style=\"text-align: justify;\"><span style=\"color: #000000;\">Obrigado por ter visitado o site da <strong><span style=\"color: #cc0000;\">AdvanceConsultoria<span style=\"color: #808080;\">.com<\/span><\/span><\/strong>.<\/span><\/div>\n<div id=\"_mcePaste\" style=\"text-align: justify;\"><span style=\"color: #ffffff;\">.<\/span><\/div>\n<div id=\"_mcePaste\" style=\"text-align: justify;\"><span style=\"color: #000000;\">A sua opini\u00e3o \u00e9 muito importante para o aprimoramento dos nossos servi\u00e7os de treinamento e consultoria.<\/span><\/div>\n<div id=\"_mcePaste\" style=\"text-align: justify;\"><span style=\"color: #ffffff;\">.<\/span><\/div>\n<div id=\"_mcePaste\" style=\"text-align: justify;\"><span style=\"color: #000000;\">Entre em contato conosco para solicitar mais informa\u00e7\u00f5es sobre nossos servi\u00e7os, enviar as suas sugest\u00f5es, coment\u00e1rios e quaisquer perguntas sobre o conte\u00fado deste site:<\/span><\/div>\n<div id=\"_mcePaste\" style=\"text-align: justify;\"><span style=\"color: #ffffff;\">.<\/span><\/div>\n<div id=\"_mcePaste\" style=\"text-align: justify;\"><span style=\"color: #000000;\">E-mail: <\/span><a href=\"mailto:atendimento@advanceconsultoria.com\"><span style=\"color: #0000ff;\">atendimento@advanceconsultoria.com<\/span><\/a><\/div>\n<div id=\"_mcePaste\" style=\"text-align: justify;\"><span style=\"color: #ffffff;\">.<\/span><\/div>\n<div id=\"_mcePaste\" style=\"text-align: justify;\"><span style=\"color: #ffffff;\">.<\/span><\/div>\n<div id=\"_mcePaste\" style=\"text-align: justify;\"><span style=\"color: #ffffff;\">.<\/span><\/div>\n<div id=\"_mcePaste\" style=\"text-align: justify;\"><span style=\"color: #000000;\">Antecipadamente n\u00f3s agradecemos pelo seu contato.<\/span><\/div>\n<div style=\"text-align: justify;\"><span style=\"color: #ffffff;\">.<\/span><\/div>\n<div style=\"text-align: justify;\"><span style=\"color: #ffffff;\">.<\/span><\/div>\n<p><span style=\"color: #ffffff;\"><span style=\"color: #000000;\">Visite e curta a nossa p\u00e1gina no <a href=\"http:\/\/www.facebook.com\/AdvanceConsultoriacom\" target=\"_blank\"><span style=\"color: #0000ff;\"><strong>Facebook<\/strong><\/span><\/a><\/span><\/span><\/p>\n<div style=\"text-align: justify;\"><span style=\"color: #000000;\"><span style=\"color: #ffffff;\">.<\/span><\/p>\n<p class=\"MsoNormal\" style=\"line-height: 70%; background-position: initial initial; background-repeat: initial initial;\"><span style=\"font-size: 12pt; line-height: 70%;\"><span style=\"color: #000000;\"><span style=\"color: #ffffff;\">.<\/span><\/span><\/span><\/p>\n<p class=\"MsoNormal\" style=\"background-position: initial initial; background-repeat: initial initial;\"><span style=\"font-size: 12pt;\"><span style=\"color: #000000;\"> <\/span><\/span><\/p>\n<p class=\"MsoNormal\"><span style=\"color: #000000;\">Assista o nosso v\u00eddeo <a href=\"http:\/\/www.advanceconsultoria.com\/?p=4823\" target=\"_blank\"><span style=\"color: #0000ff;\"><strong>10 anos da AdvanceConsultoria.com<\/strong><\/span><\/a><\/span><\/p>\n<p><\/span><\/div>\n<p style=\"text-align: justify;\">\n<p style=\"text-align: justify;\"><span style=\"color: #ffffff;\"><span style=\"color: #ffffff;\">.<\/span><\/span><\/p>\n<p style=\"text-align: justify;\"><span style=\"color: #ffffff;\"><span style=\"color: #ffffff;\">.<\/span><\/span><\/p>\n<p style=\"text-align: justify;\"><span style=\"color: #ffffff;\"><span style=\"color: #ffffff;\">.<\/span><\/span><\/p>\n<p style=\"text-align: justify;\"><span style=\"color: #ffffff;\"><span style=\"color: #ffffff;\">.<\/span><\/span><\/p>\n<p style=\"text-align: justify;\"><span style=\"color: #ffffff;\"><span style=\"color: #ffffff;\">.<\/span><\/span><\/p>\n<p style=\"text-align: justify;\"><span style=\"color: #ffffff;\"><span style=\"color: #ffffff;\">.<\/span><\/span><\/p>\n<p style=\"text-align: justify;\"><span style=\"color: #ffffff;\"><span style=\"color: #ffffff;\">.<\/span><\/span><\/p>\n<p style=\"text-align: justify;\"><span style=\"color: #ffffff;\"><span style=\"color: #ffffff;\">.<\/span><\/span><\/p>\n<p style=\"text-align: justify;\"><span style=\"color: #ffffff;\"><span style=\"color: #ffffff;\">.<\/span><\/span><\/p>\n<p style=\"text-align: justify;\"><span style=\"color: #ffffff;\"><span style=\"color: #ffffff;\">.<\/span><\/span><\/p>\n<p style=\"text-align: justify;\"><span style=\"color: #ffffff;\"><span style=\"color: #ffffff;\">.<\/span><\/span><\/p>\n<p style=\"text-align: justify;\"><span style=\"color: #ffffff;\"><span style=\"color: #ffffff;\">.<\/span><\/span><\/p>\n<p style=\"text-align: center;\"><strong><span style=\"color: #ffffff;\"> <\/span><\/strong><\/p>\n<p style=\"text-align: center;\"><strong> <\/strong><\/p>\n<p style=\"text-align: center;\"><strong><span style=\"color: #ffffff;\">.<\/span><\/strong><\/p>\n<p style=\"text-align: center;\"><strong><span style=\"color: #ffffff;\">.<\/span><\/strong><\/p>\n<p style=\"text-align: center;\"><strong><span style=\"color: #ffffff;\">.<\/span><\/strong><\/p>\n<p style=\"text-align: center;\"><strong><span style=\"color: #ffffff;\">..<\/span><\/strong><\/p>\n<p style=\"text-align: center;\"><strong><span style=\"color: #ffffff;\">.<\/span><\/strong><\/p>\n<p style=\"text-align: center;\"><strong><span style=\"color: #ffffff;\">.<\/span><\/strong><\/p>\n<p style=\"text-align: center;\"><strong><span style=\"color: #ffffff;\">.<\/span><\/strong><\/p>\n<p style=\"text-align: center;\"><strong><span style=\"color: #ffffff;\">.<\/span><\/strong><\/p>\n<p style=\"text-align: center;\"><strong><span style=\"color: #ffffff;\">.<\/span><\/strong><\/p>\n<p style=\"text-align: center;\"><strong><span style=\"color: #ffffff;\">.<\/span><\/strong><\/p>\n<p style=\"text-align: center;\"><strong><span style=\"color: #ffffff;\">.<\/span><\/strong><\/p>\n<p style=\"text-align: center;\"><strong><span style=\"color: #ffffff;\">.<\/span><\/strong><\/p>\n<p style=\"text-align: center;\"><strong><span style=\"color: #ffffff;\">.<\/span><\/strong><\/p>\n<p style=\"text-align: center;\"><strong><span style=\"color: #ffffff;\">..<\/span><\/strong><\/p>\n<p style=\"text-align: center;\"><strong><span style=\"color: #ffffff;\">.<\/span><\/strong><\/p>\n<p style=\"text-align: center;\"><strong><span style=\"color: #ffffff;\">.<\/span><\/strong><\/p>\n<p style=\"text-align: center;\"><strong><span style=\"color: #ffffff;\">.<\/span><\/strong><\/p>\n<p style=\"text-align: center;\"><strong><span style=\"color: #ffffff;\">.<\/span><\/strong><\/p>\n<p style=\"text-align: center;\"><strong><span style=\"color: #ffffff;\">.<\/span><\/strong><\/p>\n<p style=\"text-align: center;\"><strong><span style=\"color: #ffffff;\">.<\/span><\/strong><\/p>\n<p style=\"text-align: center;\"><strong><span style=\"color: #ffffff;\">.<\/span><\/strong><\/p>\n<p style=\"text-align: center;\"><strong><span style=\"color: #ffffff;\">.<\/span><\/strong><\/p>\n<p style=\"text-align: center;\"><strong><span style=\"color: #ffffff;\">.<\/span><\/strong><\/p>\n<p style=\"text-align: center;\"><strong><span style=\"color: #ffffff;\">.<\/span><\/strong><\/p>\n","protected":false},"excerpt":{"rendered":"","protected":false},"author":4,"featured_media":0,"parent":0,"menu_order":0,"comment_status":"closed","ping_status":"closed","template":"","meta":{"footnotes":""},"class_list":["post-2465","page","type-page","status-publish","hentry"],"_links":{"self":[{"href":"http:\/\/www.advanceconsultoria.com\/index.php?rest_route=\/wp\/v2\/pages\/2465","targetHints":{"allow":["GET"]}}],"collection":[{"href":"http:\/\/www.advanceconsultoria.com\/index.php?rest_route=\/wp\/v2\/pages"}],"about":[{"href":"http:\/\/www.advanceconsultoria.com\/index.php?rest_route=\/wp\/v2\/types\/page"}],"author":[{"embeddable":true,"href":"http:\/\/www.advanceconsultoria.com\/index.php?rest_route=\/wp\/v2\/users\/4"}],"replies":[{"embeddable":true,"href":"http:\/\/www.advanceconsultoria.com\/index.php?rest_route=%2Fwp%2Fv2%2Fcomments&post=2465"}],"version-history":[{"count":55,"href":"http:\/\/www.advanceconsultoria.com\/index.php?rest_route=\/wp\/v2\/pages\/2465\/revisions"}],"predecessor-version":[{"id":5993,"href":"http:\/\/www.advanceconsultoria.com\/index.php?rest_route=\/wp\/v2\/pages\/2465\/revisions\/5993"}],"wp:attachment":[{"href":"http:\/\/www.advanceconsultoria.com\/index.php?rest_route=%2Fwp%2Fv2%2Fmedia&parent=2465"}],"curies":[{"name":"wp","href":"https:\/\/api.w.org\/{rel}","templated":true}]}}